2025/05/01 17:08:53 [error] 3659015#3659015: *1970 FastCGI sent in stderr: "Primary script unknown" while reading response header from upstream, client: 66.249.79.139, server: toyoupaper.co.kr, request: "GET /e=6262314569&channel=175435649&from=pin.php?e=97500120482&channel=16b375c5a2&from=blog.php%3Fid%3D120482-7982%26name%3D%E9%81%8A%E6%88%AF%E7%8E%8B%E3%82%AB%E3%83%BC%E3%83%89+%EF%BC%A5%E3%83%BB%EF%BC%A8%EF%BC%A5%EF%BC%B2%EF%BC%AF+%E3%82%A8%E3%82%B9%E3%82%AF%E3%83%AA%E3%83%80%E3%82%AA+%E3%82%A6%E3%83%AB%E3%83%88%E3%83%A9%E3%83%AC%E3%82%A2+%2F+%E3%82%B8%E3%83%A3%E3%83%B3%E3%83%97%E3%82%B3%E3%83%9F%E3%83%83%E3%82%AF%E3%82%B9+%2F+%E3%82%B7%E3%83%B3%E3%82%B0%E3%83%AB%E3%82%AB%E3%83%BC%E3%83%89 HTTP/1.1", upstream: "fastcgi://unix:/run/php/php8.3-fpm.sock:", host: "toyoupaper.co.kr"
2025/05/01 17:08:54 [error] 3659015#3659015: *2001 FastCGI sent in stderr: "PHP message: objectcache.critical: Failed to locate and load object cache API; PHP message: objectcache.critical: Failed to locate and load Object Cache Pro plugin" while reading response header from upstream, client: 119.195.102.159, server: 1987dubu.com, request: "GET /%EC%9E%AC%ED%85%8C%ED%81%AC-%EC%B4%9D%EC%A0%95%EB%A6%AC-%EC%8B%A4%ED%8C%A8%EC%97%86%EB%8A%94-%EC%9E%AC%ED%85%8C%ED%81%AC-%EC%9E%AC%ED%85%8C%ED%81%AC%EC%97%90-%EC%A2%85%EB%A5%98%EC%99%80-%EB%9C%BB/ HTTP/1.1", upstream: "fastcgi://unix:/run/php/php8.3-fpm.sock:", host: "1987dubu.com"
2025/05/01 17:08:55 [error] 3659015#3659015: *2005 FastCGI sent in stderr: "PHP message: objectcache.critical: Failed to locate and load object cache API; PHP message: objectcache.critical: Failed to locate and load Object Cache Pro plugin" while reading response header from upstream, client: 119.195.102.159, server: 1987dubu.com, request: "GET /%EC%9E%AC%ED%85%8C%ED%81%AC-%EC%B4%9D%EC%A0%95%EB%A6%AC-%EC%8B%A4%ED%8C%A8%EC%97%86%EB%8A%94-%EC%9E%AC%ED%85%8C%ED%81%AC-%EC%9E%AC%ED%85%8C%ED%81%AC%EC%97%90-%EC%A2%85%EB%A5%98%EC%99%80-%EB%9C%BB/ HTTP/1.1", upstream: "fastcgi://unix:/run/php/php8.3-fpm.sock:", host: "1987dubu.com"
2025/05/01 17:08:56 [error] 3659015#3659015: *1952 FastCGI sent in stderr: "PHP message: PHP Warning: Undefined array key "only_bp_friend" in /home5/somun/wp-content/plugins/chatroom/ajax/class-chatroom-ajax.php on line 22" while reading response header from upstream, client: 59.12.168.121, server: somun.or.kr, request: "POST /wp-admin/admin-ajax.php HTTP/2.0", upstream: "fastcgi://unix:/run/php/php8.3-fpm.sock:", host: "www.somun.or.kr", referrer: "https://www.somun.or.kr/"
2025/05/01 17:08:57 [error] 3659015#3659015: *2010 FastCGI sent in stderr: "PHP message: objectcache.critical: Failed to locate and load object cache API; PHP message: objectcache.critical: Failed to locate and load Object Cache Pro plugin" while reading response header from upstream, client: 119.195.102.159, server: 1987dubu.com, request: "GET /%EC%9E%90%EC%A3%BC-%ED%8B%80%EB%A6%AC%EB%8A%94-%EB%A7%9E%EC%B6%A4%EB%B2%95-%EC%B4%9D%EC%A0%95%EB%A6%AC-%EB%8B%A8%EC%96%B4%ED%8E%B8/ HTTP/1.1", upstream: "fastcgi://unix:/run/php/php8.3-fpm.sock:", host: "1987dubu.com"
2025/05/01 17:08:59 [error] 3659015#3659015: *2014 FastCGI sent in stderr: "PHP message: objectcache.critical: Failed to locate and load object cache API; PHP message: objectcache.critical: Failed to locate and load Object Cache Pro plugin" while reading response header from upstream, client: 119.195.102.159, server: 1987dubu.com, request: "GET /%EC%9E%90%EC%A3%BC-%ED%8B%80%EB%A6%AC%EB%8A%94-%EB%A7%9E%EC%B6%A4%EB%B2%95-%EC%B4%9D%EC%A0%95%EB%A6%AC-%EB%8B%A8%EC%96%B4%ED%8E%B8/ HTTP/1.1", upstream: "fastcgi://unix:/run/php/php8.3-fpm.sock:", host: "1987dubu.com"
2025/05/01 17:09:01 [error] 3659015#3659015: *2019 FastCGI sent in stderr: "PHP message: PHP Warning: Constant WP_MEMORY_LIMIT already defined in /home5/karlpsalmssoft/wp-config.php on line 93" while reading response header from upstream, client: 85.215.156.9, server: karlpsalmssoft.com, request: "POST /xmlrpc.php HTTP/1.1", upstream: "fastcgi://unix:/run/php/php8.3-fpm.sock:", host: "www.karlpsalmssoft.com"
2025/05/01 17:09:02 [error] 3659015#3659015: *1952 FastCGI sent in stderr: "PHP message: PHP Warning: Undefined array key "only_bp_friend" in /home5/somun/wp-content/plugins/chatroom/ajax/class-chatroom-ajax.php on line 22" while reading response header from upstream, client: 59.12.168.121, server: somun.or.kr, request: "POST /wp-admin/admin-ajax.php HTTP/2.0", upstream: "fastcgi://unix:/run/php/php8.3-fpm.sock:", host: "www.somun.or.kr", referrer: "https://www.somun.or.kr/"
2025/05/01 17:09:03 [error] 3659015#3659015: *2027 FastCGI sent in stderr: "PHP message: PHP Warning: copy(/home2/demo_picell/blogj2/wp-content/plugins/backup-backup/includes/htaccess/.htaccess): Failed to open stream: No such file or directory in /home2/demo_picell/blogj2/wp-content/plugins/backup-backup/includes/constants.php on line 134; PHP message: PHP Warning: copy(/home2/demo_picell/blogj2/wp-content/plugins/backup-backup/includes/htaccess/.htaccess): Failed to open stream: No such file or directory in /home2/demo_picell/blogj2/wp-content/plugins/backup-backup/includes/constants.php on line 145" while reading response header from upstream, client: 192.0.101.226, server: dev.picell.biz, request: "HEAD /blogj2/ HTTP/1.1", upstream: "fastcgi://unix:/run/php/php8.3-fpm.sock:", host: "dev.picell.biz"
2025/05/01 17:09:04 [error] 3659015#3659015: *2031 FastCGI sent in stderr: "PHP message: PHP Warning: Undefined array key "only_bp_friend" in /home5/somun/wp-content/plugins/chatroom/ajax/class-chatroom-ajax.php on line 22" while reading response header from upstream, client: 13.58.242.216, server: somun.or.kr, request: "GET /?p=1850 HTTP/2.0", upstream: "fastcgi://unix:/run/php/php8.3-fpm.sock:", host: "www.somun.or.kr"
2025/05/01 17:09:05 [error] 3659015#3659015: *2031 FastCGI sent in stderr: "PHP message: PHP Warning: Undefined array key "only_bp_friend" in /home5/somun/wp-content/plugins/chatroom/ajax/class-chatroom-ajax.php on line 22; PHP message: PHP Warning: Undefined array key "only_bp_friend" in /home5/somun/wp-content/plugins/chatroom/ajax/class-chatroom-ajax.php on line 22; PHP message: PHP Warning: Undefined variable $chatroomBodybg in /home5/somun/wp-content/plugins/chatroom/controllers/class-chatroom-script-controller.php on line 192; PHP message: PHP Warning: Undefined variable $chatroomBgc in /home5/somun/wp-content/plugins/chatroom/controllers/class-chatroom-script-controller.php on line 194; PHP message: PHP Warning: Undefined variable $chatroomTip in /home5/somun/wp-content/plugins/chatroom/controllers/class-chatroom-script-controller.php on line 196" while reading response header from upstream, client: 13.58.242.216, server: somun.or.kr, request: "GET /%ec%a7%80%eb%b6%80%ec%9e%a5-%ec%97%b0%eb%9d%bd%ec%b2%98/ HTTP/2.0", upstream: "fastcgi://unix:/run/php/php8.3-fpm.sock:", host: "www.somun.or.kr", referrer: "https://www.somun.or.kr/?p=1850"
2025/05/01 17:09:07 [error] 3659015#3659015: *1970 FastCGI sent in stderr: "Primary script unknown" while reading response header from upstream, client: 66.249.79.139, server: toyoupaper.co.kr, request: "GET /e=6262391149&channel=17544816d&from=shared.php?e=68890207162&channel=100a2d23ba&from=info.php%3Fid%3D207162-6052%26name%3D%E5%9B%BD%E5%86%85%E7%99%BA%E9%80%81%E3%80%90%E9%80%A0%2FZAOWORKSHOP%E3%80%911%2F100+%E7%A5%9E%E8%AB%AD+%E7%A5%9E%E8%A8%97+Oracle+%E8%81%96%E5%BE%92+%E6%A9%9F%E7%94%B2+%E5%A4%89%E5%BD%A2+%E5%90%88%E9%87%91%E3%83%95%E3%83%AC%E3%83%BC%E3%83%A0+%E7%B5%84%E7%AB%8B%E5%BC%8F%E3%83%97%E3%83%A9%E3%83%A2%E3%83%87%E3%83%AB+%E3%83%95%E3%83%AB%E3%82%BB%E3%83%83%E3%83%88 HTTP/1.1", upstream: "fastcgi://unix:/run/php/php8.3-fpm.sock:", host: "toyoupaper.co.kr"
2025/05/01 17:09:08 [error] 3659015#3659015: *1952 FastCGI sent in stderr: "PHP message: PHP Warning: Undefined array key "only_bp_friend" in /home5/somun/wp-content/plugins/chatroom/ajax/class-chatroom-ajax.php on line 22" while reading response header from upstream, client: 59.12.168.121, server: somun.or.kr, request: "POST /wp-admin/admin-ajax.php HTTP/2.0", upstream: "fastcgi://unix:/run/php/php8.3-fpm.sock:", host: "www.somun.or.kr", referrer: "https://www.somun.or.kr/"
2025/05/01 17:09:14 [error] 3659015#3659015: *1952 FastCGI sent in stderr: "PHP message: PHP Warning: Undefined array key "only_bp_friend" in /home5/somun/wp-content/plugins/chatroom/ajax/class-chatroom-ajax.php on line 22" while reading response header from upstream, client: 59.12.168.121, server: somun.or.kr, request: "POST /wp-admin/admin-ajax.php HTTP/2.0", upstream: "fastcgi://unix:/run/php/php8.3-fpm.sock:", host: "www.somun.or.kr", referrer: "https://www.somun.or.kr/"
2025/05/01 17:09:18 [error] 3659015#3659015: *1970 FastCGI sent in stderr: "Primary script unknown" while reading response header from upstream, client: 66.249.79.139, server: toyoupaper.co.kr, request: "GET /e=5135221970&channel=1321544d2&from=blog.php?e=4144371660&channel=f70617cc&from=jp.php%3Fid%3D71660-3103%26name%3D%E3%83%B4%E3%82%A1%E3%82%A4%E3%82%B9%E3%82%B7%E3%83%A5%E3%83%B4%E3%82%A1%E3%83%AB%E3%83%84+%E3%82%AB%E3%83%A9%E3%82%AB%E3%83%A9%E3%82%AB%E3%83%A9+%E6%A8%8B%E5%8F%A3%E5%86%86%E9%A6%99+ssp+%E3%82%B7%E3%83%A3%E3%83%8B%E3%83%9E%E3%82%B9 HTTP/1.1", upstream: "fastcgi://unix:/run/php/php8.3-fpm.sock:", host: "toyoupaper.co.kr"
2025/05/01 17:09:20 [error] 3659015#3659015: *1952 FastCGI sent in stderr: "PHP message: PHP Warning: Undefined array key "only_bp_friend" in /home5/somun/wp-content/plugins/chatroom/ajax/class-chatroom-ajax.php on line 22" while reading response header from upstream, client: 59.12.168.121, server: somun.or.kr, request: "POST /wp-admin/admin-ajax.php HTTP/2.0", upstream: "fastcgi://unix:/run/php/php8.3-fpm.sock:", host: "www.somun.or.kr", referrer: "https://www.somun.or.kr/"
2025/05/01 17:09:26 [error] 3659015#3659015: *1952 FastCGI sent in stderr: "PHP message: PHP Warning: Undefined array key "only_bp_friend" in /home5/somun/wp-content/plugins/chatroom/ajax/class-chatroom-ajax.php on line 22" while reading response header from upstream, client: 59.12.168.121, server: somun.or.kr, request: "POST /wp-admin/admin-ajax.php HTTP/2.0", upstream: "fastcgi://unix:/run/php/php8.3-fpm.sock:", host: "www.somun.or.kr", referrer: "https://www.somun.or.kr/"
2025/05/01 17:09:29 [error] 3659015#3659015: *1970 FastCGI sent in stderr: "Primary script unknown" while reading response header from upstream, client: 66.249.79.139, server: toyoupaper.co.kr, request: "GET /e=6262391149&channel=17544816d&from=shared.php?e=228146858&channel=d993eaa&from=blog.php%3Fid%3D6858-9672%26name%3D%E3%82%B5%E3%82%B6%E3%83%B3%E3%83%89%E3%83%A9ex+%E3%83%9F%E3%83%AD%E3%82%AB%E3%83%AD%E3%82%B9ex+%E3%82%B1%E3%83%83%E3%82%AD%E3%83%B3%E3%82%B0ex+RR3%E6%9E%9A%E3%82%BB%E3%83%83%E3%83%88 HTTP/1.1", upstream: "fastcgi://unix:/run/php/php8.3-fpm.sock:", host: "toyoupaper.co.kr"
2025/05/01 17:09:32 [error] 3659015#3659015: *1952 FastCGI sent in stderr: "PHP message: PHP Warning: Undefined array key "only_bp_friend" in /home5/somun/wp-content/plugins/chatroom/ajax/class-chatroom-ajax.php on line 22" while reading response header from upstream, client: 59.12.168.121, server: somun.or.kr, request: "POST /wp-admin/admin-ajax.php HTTP/2.0", upstream: "fastcgi://unix:/run/php/php8.3-fpm.sock:", host: "www.somun.or.kr", referrer: "https://www.somun.or.kr/"
2025/05/01 17:09:39 [error] 3659015#3659015: *1952 FastCGI sent in stderr: "PHP message: PHP Warning: Undefined array key "only_bp_friend" in /home5/somun/wp-content/plugins/chatroom/ajax/class-chatroom-ajax.php on line 22" while reading response header from upstream, client: 59.12.168.121, server: somun.or.kr, request: "POST /wp-admin/admin-ajax.php HTTP/2.0", upstream: "fastcgi://unix:/run/php/php8.3-fpm.sock:", host: "www.somun.or.kr", referrer: "https://www.somun.or.kr/"
2025/05/01 17:09:45 [error] 3659015#3659015: *1952 FastCGI sent in stderr: "PHP message: PHP Warning: Undefined array key "only_bp_friend" in /home5/somun/wp-content/plugins/chatroom/ajax/class-chatroom-ajax.php on line 22" while reading response header from upstream, client: 59.12.168.121, server: somun.or.kr, request: "POST /wp-admin/admin-ajax.php HTTP/2.0", upstream: "fastcgi://unix:/run/php/php8.3-fpm.sock:", host: "www.somun.or.kr", referrer: "https://www.somun.or.kr/"
2025/05/01 17:09:48 [error] 3659015#3659015: *1970 FastCGI sent in stderr: "Primary script unknown" while reading response header from upstream, client: 66.249.79.139, server: toyoupaper.co.kr, request: "GET /e=5135221970&channel=1321544d2&from=blog.php?e=24689222472&channel=5bf97a348&from=jp.php%3Fid%3D222472-7161%26name%3D%E6%9C%AA%E4%BD%BF%E7%94%A8%E3%83%97%E3%83%AC%E3%82%B8%E3%83%87%E3%83%B3%E3%83%88%E3%83%AA%E3%83%A0%E3%82%B8%E3%83%B3%E3%83%9F%E3%83%8B%E3%82%AB%E3%83%BC%E5%85%A8%E9%95%B78cm%E5%85%A8%E5%B9%853cm HTTP/1.1", upstream: "fastcgi://unix:/run/php/php8.3-fpm.sock:", host: "toyoupaper.co.kr"
2025/05/01 17:09:51 [error] 3659015#3659015: *1952 FastCGI sent in stderr: "PHP message: PHP Warning: Undefined array key "only_bp_friend" in /home5/somun/wp-content/plugins/chatroom/ajax/class-chatroom-ajax.php on line 22" while reading response header from upstream, client: 59.12.168.121, server: somun.or.kr, request: "POST /wp-admin/admin-ajax.php HTTP/2.0", upstream: "fastcgi://unix:/run/php/php8.3-fpm.sock:", host: "www.somun.or.kr", referrer: "https://www.somun.or.kr/"
2025/05/01 17:09:56 [error] 3659015#3659015: *2110 FastCGI sent in stderr: "PHP message: objectcache.critical: Failed to locate and load object cache API; PHP message: objectcache.critical: Failed to locate and load Object Cache Pro plugin" while reading response header from upstream, client: 110.249.202.52, server: 1987dubu.com, request: "GET /robots.txt HTTP/1.1", upstream: "fastcgi://unix:/run/php/php8.3-fpm.sock:", host: "www.yeranji.com"
2025/05/01 17:09:57 [error] 3659015#3659015: *1952 FastCGI sent in stderr: "PHP message: PHP Warning: Undefined array key "only_bp_friend" in /home5/somun/wp-content/plugins/chatroom/ajax/class-chatroom-ajax.php on line 22" while reading response header from upstream, client: 59.12.168.121, server: somun.or.kr, request: "POST /wp-admin/admin-ajax.php HTTP/2.0", upstream: "fastcgi://unix:/run/php/php8.3-fpm.sock:", host: "www.somun.or.kr", referrer: "https://www.somun.or.kr/"
2025/05/01 17:09:58 [error] 3659015#3659015: *1970 FastCGI sent in stderr: "Primary script unknown" while reading response header from upstream, client: 66.249.79.139, server: toyoupaper.co.kr, request: "GET /e=6262314569&channel=175435649&from=pin.php?e=9750020859&channel=2452582fb&from=form.php%3Fid%3D20859-8359%26name%3D%E3%83%8F%E3%82%BB%E3%82%AC%E3%83%AF+1%2F48+%E3%83%8F%E3%83%AA%E3%82%B1%E3%83%BC%E3%83%B3+Mk.1+%E3%82%A4%E3%82%AE%E3%83%AA%E3%82%B9%E7%A9%BA%E8%BB%8D+%28JT-65%29 HTTP/1.1", upstream: "fastcgi://unix:/run/php/php8.3-fpm.sock:", host: "toyoupaper.co.kr"
2025/05/01 17:10:00 [error] 3659015#3659015: *2124 FastCGI sent in stderr: "PHP message: PHP Warning: Array to string conversion in /home/stechs/wp-content/plugins/iks-menu-pro/includes/core/utils/RenderUtils.php on line 72" while reading response header from upstream, client: 51.222.253.8, server: stechs.co.kr, request: "GET /tag/%EA%B7%B8%EB%9E%98%EB%8F%84%EC%9E%98%EC%B0%BE%EC%95%84%EB%B3%B4%EB%A9%B4%EA%B4%9C%EC%B0%AE%EC%9D%80%EA%B1%B0%EB%8F%84%EC%9E%88%EC%96%B4%EC%9A%94/ HTTP/2.0", upstream: "fastcgi://unix:/run/php/php8.3-fpm.sock:", host: "www.stechs.co.kr"
2025/05/01 17:10:03 [error] 3659015#3659015: *1952 FastCGI sent in stderr: "PHP message: PHP Warning: Undefined array key "only_bp_friend" in /home5/somun/wp-content/plugins/chatroom/ajax/class-chatroom-ajax.php on line 22" while reading response header from upstream, client: 59.12.168.121, server: somun.or.kr, request: "POST /wp-admin/admin-ajax.php HTTP/2.0", upstream: "fastcgi://unix:/run/php/php8.3-fpm.sock:", host: "www.somun.or.kr", referrer: "https://www.somun.or.kr/"
2025/05/01 17:10:06 [error] 3659015#3659015: *1970 FastCGI sent in stderr: "Primary script unknown" while reading response header from upstream, client: 66.249.79.139, server: toyoupaper.co.kr, request: "GET /e=94653300353&channel=1609c6be81&from=pin.php?e=24689205338&channel=5bf97605a&from=blog.php%3Fid%3D205338-27%26name%3D%E3%82%A2%E3%83%B3%E3%83%91%E3%83%B3%E3%83%9E%E3%83%B3%E3%80%80%E6%BB%91%E3%82%8A%E5%8F%B0 HTTP/1.1", upstream: "fastcgi://unix:/run/php/php8.3-fpm.sock:", host: "toyoupaper.co.kr"
2025/05/01 17:10:09 [error] 3659015#3659015: *1952 FastCGI sent in stderr: "PHP message: PHP Warning: Undefined array key "only_bp_friend" in /home5/somun/wp-content/plugins/chatroom/ajax/class-chatroom-ajax.php on line 22" while reading response header from upstream, client: 59.12.168.121, server: somun.or.kr, request: "POST /wp-admin/admin-ajax.php HTTP/2.0", upstream: "fastcgi://unix:/run/php/php8.3-fpm.sock:", host: "www.somun.or.kr", referrer: "https://www.somun.or.kr/"
2025/05/01 17:10:15 [error] 3659015#3659015: *1952 FastCGI sent in stderr: "PHP message: PHP Warning: Undefined array key "only_bp_friend" in /home5/somun/wp-content/plugins/chatroom/ajax/class-chatroom-ajax.php on line 22" while reading response header from upstream, client: 59.12.168.121, server: somun.or.kr, request: "POST /wp-admin/admin-ajax.php HTTP/2.0", upstream: "fastcgi://unix:/run/php/php8.3-fpm.sock:", host: "www.somun.or.kr", referrer: "https://www.somun.or.kr/"
2025/05/01 17:10:21 [error] 3659015#3659015: *1952 FastCGI sent in stderr: "PHP message: PHP Warning: Undefined array key "only_bp_friend" in /home5/somun/wp-content/plugins/chatroom/ajax/class-chatroom-ajax.php on line 22" while reading response header from upstream, client: 59.12.168.121, server: somun.or.kr, request: "POST /wp-admin/admin-ajax.php HTTP/2.0", upstream: "fastcgi://unix:/run/php/php8.3-fpm.sock:", host: "www.somun.or.kr", referrer: "https://www.somun.or.kr/"
2025/05/01 17:10:23 [error] 3659015#3659015: *1970 FastCGI sent in stderr: "Primary script unknown" while reading response header from upstream, client: 66.249.79.139, server: toyoupaper.co.kr, request: "GET /e=94653267252&channel=1609c63d34&from=jp.php?e=22814235994&channel=54fd59d5a&from=info.php%3Fid%3D235994-8808%26name%3DCKD+%E3%80%90%E3%82%AD%E3%83%A3%E3%83%B3%E3%82%BB%E3%83%AB%E4%B8%8D%E5%8F%AF%E3%80%91%E9%AB%98%E8%80%90%E4%B9%85%E6%A9%9F%E5%99%A8+%E3%82%B9%E3%83%BC%E3%83%91%E3%83%BC%E3%83%9E%E3%82%A4%E3%82%AF%E3%83%AD%E3%82%B7%E3%83%AA%E3%83%B3%E3%83%80+SCM%2FG-HP%E3%82%B7%E3%83%AA%E3%83%BC%E3%82%BA+%E8%80%90%E7%92%B0%E5%A2%83+%E3%82%B9%E3%82%A4%E3%83%83%E3%83%81%E4%BB%98+SCM-G-00-32D-100-T3H3-R-Y-HP1+%5B742-00214360%5D HTTP/1.1", upstream: "fastcgi://unix:/run/php/php8.3-fpm.sock:", host: "toyoupaper.co.kr"
2025/05/01 17:10:24 [error] 3659015#3659015: *2178 FastCGI sent in stderr: "PHP message: PHP Warning: Undefined array key "only_bp_friend" in /home5/somun/wp-content/plugins/chatroom/ajax/class-chatroom-ajax.php on line 22" while reading response header from upstream, client: 3.149.249.113, server: somun.or.kr, request: "GET /?p=333 HTTP/2.0", upstream: "fastcgi://unix:/run/php/php8.3-fpm.sock:", host: "www.somun.or.kr"
2025/05/01 17:10:25 [error] 3659015#3659015: *2178 FastCGI sent in stderr: "PHP message: PHP Warning: Undefined array key "only_bp_friend" in /home5/somun/wp-content/plugins/chatroom/ajax/class-chatroom-ajax.php on line 22; PHP message: PHP Warning: Undefined array key "only_bp_friend" in /home5/somun/wp-content/plugins/chatroom/ajax/class-chatroom-ajax.php on line 22; PHP message: PHP Warning: Undefined variable $chatroomBodybg in /home5/somun/wp-content/plugins/chatroom/controllers/class-chatroom-script-controller.php on line 192; PHP message: PHP Warning: Undefined variable $chatroomBgc in /home5/somun/wp-content/plugins/chatroom/controllers/class-chatroom-script-controller.php on line 194; PHP message: PHP Warning: Undefined variable $chatroomTip in /home5/somun/wp-content/plugins/chatroom/controllers/class-chatroom-script-controller.php on line 196; PHP message: wpmem_inc_regmessage() is deprecated as of WP-Members 3.4.0. Use wpmem_get_display_message() instead.; PHP message: wpmem_inc_login() is deprecated as of WP-Members 3.3.0. Use wpmem_login_form() instead" while reading response header from upstream, client: 3.149.249.113, server: somun.or.kr, request: "GET /%ec%82%ac%ec%a7%84%ec%95%a8%eb%b2%94/ HTTP/2.0", upstream: "fastcgi://unix:/run/php/php8.3-fpm.sock:", host: "www.somun.or.kr", referrer: "https://www.somun.or.kr/?p=333"
2025/05/01 17:10:25 [error] 3659015#3659015: *2180 FastCGI sent in stderr: "PHP message: PHP Warning: Constant WP_MEMORY_LIMIT already defined in /home5/karlpsalmssoft/wp-config.php on line 93" while reading response header from upstream, client: 164.90.225.186, server: karlpsalmssoft.com, request: "POST /xmlrpc.php HTTP/1.1", upstream: "fastcgi://unix:/run/php/php8.3-fpm.sock:", host: "www.karlpsalmssoft.com"
2025/05/01 17:10:26 [error] 3659015#3659015: *2187 FastCGI sent in stderr: "PHP message: PHP Warning: Constant WP_MEMORY_LIMIT already defined in /home5/karlpsalmssoft/wp-config.php on line 93" while reading response header from upstream, client: 80.66.213.217, server: karlpsalmssoft.com, request: "POST /xmlrpc.php HTTP/1.1", upstream: "fastcgi://unix:/run/php/php8.3-fpm.sock:", host: "www.karlpsalmssoft.com"
2025/05/01 17:10:28 [error] 3659015#3659015: *1952 FastCGI sent in stderr: "PHP message: PHP Warning: Undefined array key "only_bp_friend" in /home5/somun/wp-content/plugins/chatroom/ajax/class-chatroom-ajax.php on line 22" while reading response header from upstream, client: 59.12.168.121, server: somun.or.kr, request: "POST /wp-admin/admin-ajax.php HTTP/2.0", upstream: "fastcgi://unix:/run/php/php8.3-fpm.sock:", host: "www.somun.or.kr", referrer: "https://www.somun.or.kr/"
2025/05/01 17:10:34 [error] 3659015#3659015: *1952 FastCGI sent in stderr: "PHP message: PHP Warning: Undefined array key "only_bp_friend" in /home5/somun/wp-content/plugins/chatroom/ajax/class-chatroom-ajax.php on line 22" while reading response header from upstream, client: 59.12.168.121, server: somun.or.kr, request: "POST /wp-admin/admin-ajax.php HTTP/2.0", upstream: "fastcgi://unix:/run/php/php8.3-fpm.sock:", host: "www.somun.or.kr", referrer: "https://www.somun.or.kr/"
2025/05/01 17:10:40 [error] 3659015#3659015: *1952 FastCGI sent in stderr: "PHP message: PHP Warning: Undefined array key "only_bp_friend" in /home5/somun/wp-content/plugins/chatroom/ajax/class-chatroom-ajax.php on line 22" while reading response header from upstream, client: 59.12.168.121, server: somun.or.kr, request: "POST /wp-admin/admin-ajax.php HTTP/2.0", upstream: "fastcgi://unix:/run/php/php8.3-fpm.sock:", host: "www.somun.or.kr", referrer: "https://www.somun.or.kr/"
2025/05/01 17:10:46 [error] 3659015#3659015: *1952 FastCGI sent in stderr: "PHP message: PHP Warning: Undefined array key "only_bp_friend" in /home5/somun/wp-content/plugins/chatroom/ajax/class-chatroom-ajax.php on line 22" while reading response header from upstream, client: 59.12.168.121, server: somun.or.kr, request: "POST /wp-admin/admin-ajax.php HTTP/2.0", upstream: "fastcgi://unix:/run/php/php8.3-fpm.sock:", host: "www.somun.or.kr", referrer: "https://www.somun.or.kr/"
2025/05/01 17:10:52 [error] 3659015#3659015: *1952 FastCGI sent in stderr: "PHP message: PHP Warning: Undefined array key "only_bp_friend" in /home5/somun/wp-content/plugins/chatroom/ajax/class-chatroom-ajax.php on line 22" while reading response header from upstream, client: 59.12.168.121, server: somun.or.kr, request: "POST /wp-admin/admin-ajax.php HTTP/2.0", upstream: "fastcgi://unix:/run/php/php8.3-fpm.sock:", host: "www.somun.or.kr", referrer: "https://www.somun.or.kr/"
2025/05/01 17:10:58 [error] 3659015#3659015: *1952 FastCGI sent in stderr: "PHP message: PHP Warning: Undefined array key "only_bp_friend" in /home5/somun/wp-content/plugins/chatroom/ajax/class-chatroom-ajax.php on line 22" while reading response header from upstream, client: 59.12.168.121, server: somun.or.kr, request: "POST /wp-admin/admin-ajax.php HTTP/2.0", upstream: "fastcgi://unix:/run/php/php8.3-fpm.sock:", host: "www.somun.or.kr", referrer: "https://www.somun.or.kr/"
2025/05/01 17:11:02 [error] 3659015#3659015: *2254 FastCGI sent in stderr: "Primary script unknown" while reading response header from upstream, client: 66.249.79.139, server: toyoupaper.co.kr, request: "GET /e=15432205088&channel=397d4c320&from=goods.php?e=2281412551&channel=87fb97c7&from=article.php%3Fid%3D12551-5365%26name%3D%E9%A1%8D%E8%A3%85%E3%83%BB%E3%82%AC%E3%83%BC%E3%83%AB%E3%82%BA%EF%BC%86%E3%83%91%E3%83%B3%E3%83%84%E3%82%A1%E3%83%BC+%E8%A5%BF%E7%B5%B9%E4%BB%A3+%E3%83%90%E3%82%A4%E3%82%AF%EF%BC%86%E6%B0%B4%E7%9D%80+%E3%83%9D%E3%82%B9%E3%82%BF%E3%83%BC+%E3%82%AC%E3%83%AB%E3%83%91%E3%83%B3 HTTP/1.1", upstream: "fastcgi://unix:/run/php/php8.3-fpm.sock:", host: "toyoupaper.co.kr"
2025/05/01 17:11:04 [error] 3659015#3659015: *1952 FastCGI sent in stderr: "PHP message: PHP Warning: Undefined array key "only_bp_friend" in /home5/somun/wp-content/plugins/chatroom/ajax/class-chatroom-ajax.php on line 22" while reading response header from upstream, client: 59.12.168.121, server: somun.or.kr, request: "POST /wp-admin/admin-ajax.php HTTP/2.0", upstream: "fastcgi://unix:/run/php/php8.3-fpm.sock:", host: "www.somun.or.kr", referrer: "https://www.somun.or.kr/"
2025/05/01 17:11:10 [error] 3659015#3659015: *1952 FastCGI sent in stderr: "PHP message: PHP Warning: Undefined array key "only_bp_friend" in /home5/somun/wp-content/plugins/chatroom/ajax/class-chatroom-ajax.php on line 22" while reading response header from upstream, client: 59.12.168.121, server: somun.or.kr, request: "POST /wp-admin/admin-ajax.php HTTP/2.0", upstream: "fastcgi://unix:/run/php/php8.3-fpm.sock:", host: "www.somun.or.kr", referrer: "https://www.somun.or.kr/"
2025/05/01 17:11:11 [error] 3659015#3659015: *2269 FastCGI sent in stderr: "PHP message: PHP Warning: Constant WP_MEMORY_LIMIT already defined in /home5/karlpsalmssoft/wp-config.php on line 93" while reading response header from upstream, client: 15.204.240.80, server: karlpsalmssoft.com, request: "POST /xmlrpc.php HTTP/1.1", upstream: "fastcgi://unix:/run/php/php8.3-fpm.sock:", host: "www.karlpsalmssoft.com"
2025/05/01 17:11:16 [error] 3659015#3659015: *1952 FastCGI sent in stderr: "PHP message: PHP Warning: Undefined array key "only_bp_friend" in /home5/somun/wp-content/plugins/chatroom/ajax/class-chatroom-ajax.php on line 22" while reading response header from upstream, client: 59.12.168.121, server: somun.or.kr, request: "POST /wp-admin/admin-ajax.php HTTP/2.0", upstream: "fastcgi://unix:/run/php/php8.3-fpm.sock:", host: "www.somun.or.kr", referrer: "https://www.somun.or.kr/"
2025/05/01 17:11:22 [error] 3659015#3659015: *1952 FastCGI sent in stderr: "PHP message: PHP Warning: Undefined array key "only_bp_friend" in /home5/somun/wp-content/plugins/chatroom/ajax/class-chatroom-ajax.php on line 22" while reading response header from upstream, client: 59.12.168.121, server: somun.or.kr, request: "POST /wp-admin/admin-ajax.php HTTP/2.0", upstream: "fastcgi://unix:/run/php/php8.3-fpm.sock:", host: "www.somun.or.kr", referrer: "https://www.somun.or.kr/"
2025/05/01 17:11:23 [error] 3659015#3659015: *2289 access forbidden by rule, client: 154.83.103.108, server: naver-kium.com, request: "GET /.env HTTP/1.1", host: "naver-kium.com"
2025/05/01 17:11:23 [error] 3659015#3659015: *2289 access forbidden by rule, client: 154.83.103.108, server: naver-kium.com, request: "GET /config/.env HTTP/1.1", host: "naver-kium.com"
2025/05/01 17:11:24 [error] 3659015#3659015: *2289 access forbidden by rule, client: 154.83.103.108, server: naver-kium.com, request: "GET /.env.production HTTP/1.1", host: "naver-kium.com"
2025/05/01 17:11:24 [error] 3659015#3659015: *2289 access forbidden by rule, client: 154.83.103.108, server: naver-kium.com, request: "GET /api/.env HTTP/1.1", host: "naver-kium.com"
2025/05/01 17:11:24 [error] 3659015#3659015: *2289 access forbidden by rule, client: 154.83.103.108, server: naver-kium.com, request: "GET /settings/.env HTTP/1.1", host: "naver-kium.com"
2025/05/01 17:11:25 [error] 3659015#3659015: *2289 FastCGI sent in stderr: "Primary script unknown" while reading response header from upstream, client: 154.83.103.108, server: naver-kium.com, request: "GET /config/app.php HTTP/1.1", upstream: "fastcgi://unix:/run/php/php8.3-fpm.sock:", host: "naver-kium.com"
2025/05/01 17:11:28 [error] 3659015#3659015: *2289 open() "/home2/demo_picell/kiumdetective/src/config.js" failed (2: No such file or directory), client: 154.83.103.108, server: naver-kium.com, request: "GET /src/config.js HTTP/1.1", host: "naver-kium.com"
2025/05/01 17:11:28 [error] 3659015#3659015: *1952 FastCGI sent in stderr: "PHP message: PHP Warning: Undefined array key "only_bp_friend" in /home5/somun/wp-content/plugins/chatroom/ajax/class-chatroom-ajax.php on line 22" while reading response header from upstream, client: 59.12.168.121, server: somun.or.kr, request: "POST /wp-admin/admin-ajax.php HTTP/2.0", upstream: "fastcgi://unix:/run/php/php8.3-fpm.sock:", host: "www.somun.or.kr", referrer: "https://www.somun.or.kr/"
2025/05/01 17:11:30 [error] 3659015#3659015: *2289 access forbidden by rule, client: 154.83.103.108, server: naver-kium.com, request: "GET /.aws/credentials HTTP/1.1", host: "naver-kium.com"
2025/05/01 17:11:33 [error] 3659015#3659015: *2289 FastCGI sent in stderr: "Primary script unknown" while reading response header from upstream, client: 154.83.103.108, server: naver-kium.com, request: "GET /bootstrap/cache/config.php HTTP/1.1", upstream: "fastcgi://unix:/run/php/php8.3-fpm.sock:", host: "naver-kium.com"
2025/05/01 17:11:34 [error] 3659015#3659015: *1952 FastCGI sent in stderr: "PHP message: PHP Warning: Undefined array key "only_bp_friend" in /home5/somun/wp-content/plugins/chatroom/ajax/class-chatroom-ajax.php on line 22" while reading response header from upstream, client: 59.12.168.121, server: somun.or.kr, request: "POST /wp-admin/admin-ajax.php HTTP/2.0", upstream: "fastcgi://unix:/run/php/php8.3-fpm.sock:", host: "www.somun.or.kr", referrer: "https://www.somun.or.kr/"
2025/05/01 17:11:37 [error] 3659015#3659015: *2289 access forbidden by rule, client: 154.83.103.108, server: naver-kium.com, request: "GET /docker/.env HTTP/1.1", host: "naver-kium.com"
2025/05/01 17:11:40 [error] 3659015#3659015: *1952 FastCGI sent in stderr: "PHP message: PHP Warning: Undefined array key "only_bp_friend" in /home5/somun/wp-content/plugins/chatroom/ajax/class-chatroom-ajax.php on line 22" while reading response header from upstream, client: 59.12.168.121, server: somun.or.kr, request: "POST /wp-admin/admin-ajax.php HTTP/2.0", upstream: "fastcgi://unix:/run/php/php8.3-fpm.sock:", host: "www.somun.or.kr", referrer: "https://www.somun.or.kr/"
2025/05/01 17:11:43 [error] 3659015#3659015: *2342 FastCGI sent in stderr: "PHP message: PHP Warning: Array to string conversion in /home/stechs/wp-content/plugins/iks-menu-pro/includes/core/utils/RenderUtils.php on line 72" while reading response header from upstream, client: 43.165.67.57, server: stechs.co.kr, request: "GET /greetings-ceo/ HTTP/1.1", upstream: "fastcgi://unix:/run/php/php8.3-fpm.sock:", host: "www.stechs.co.kr"
2025/05/01 17:11:45 [error] 3659015#3659015: *2289 access forbidden by rule, client: 154.83.103.108, server: naver-kium.com, request: "GET /old/.env HTTP/1.1", host: "naver-kium.com"
2025/05/01 17:11:45 [error] 3659015#3659015: *2289 FastCGI sent in stderr: "Primary script unknown" while reading response header from upstream, client: 154.83.103.108, server: naver-kium.com, request: "GET /phpinfo.php HTTP/1.1", upstream: "fastcgi://unix:/run/php/php8.3-fpm.sock:", host: "naver-kium.com"
2025/05/01 17:11:46 [error] 3659015#3659015: *2289 FastCGI sent in stderr: "Primary script unknown" while reading response header from upstream, client: 154.83.103.108, server: naver-kium.com, request: "GET /info.php HTTP/1.1", upstream: "fastcgi://unix:/run/php/php8.3-fpm.sock:", host: "naver-kium.com"
2025/05/01 17:11:46 [error] 3659015#3659015: *2289 FastCGI sent in stderr: "Primary script unknown" while reading response header from upstream, client: 154.83.103.108, server: naver-kium.com, request: "GET /test.php HTTP/1.1", upstream: "fastcgi://unix:/run/php/php8.3-fpm.sock:", host: "naver-kium.com"
2025/05/01 17:11:46 [error] 3659015#3659015: *1952 FastCGI sent in stderr: "PHP message: PHP Warning: Undefined array key "only_bp_friend" in /home5/somun/wp-content/plugins/chatroom/ajax/class-chatroom-ajax.php on line 22" while reading response header from upstream, client: 59.12.168.121, server: somun.or.kr, request: "POST /wp-admin/admin-ajax.php HTTP/2.0", upstream: "fastcgi://unix:/run/php/php8.3-fpm.sock:", host: "www.somun.or.kr", referrer: "https://www.somun.or.kr/"
2025/05/01 17:11:46 [error] 3659015#3659015: *2289 access forbidden by rule, client: 154.83.103.108, server: naver-kium.com, request: "GET /laravel/.env HTTP/1.1", host: "naver-kium.com"
2025/05/01 17:11:47 [error] 3659015#3659015: *2289 access forbidden by rule, client: 154.83.103.108, server: naver-kium.com, request: "GET /app/config/.env HTTP/1.1", host: "naver-kium.com"
2025/05/01 17:11:47 [error] 3659015#3659015: *2289 access forbidden by rule, client: 154.83.103.108, server: naver-kium.com, request: "GET /.git/config HTTP/1.1", host: "naver-kium.com"
2025/05/01 17:11:47 [error] 3659015#3659015: *2289 access forbidden by rule, client: 154.83.103.108, server: naver-kium.com, request: "GET /.svn/entries HTTP/1.1", host: "naver-kium.com"
2025/05/01 17:11:48 [error] 3659015#3659015: *2289 access forbidden by rule, client: 154.83.103.108, server: naver-kium.com, request: "GET /.git/HEAD HTTP/1.1", host: "naver-kium.com"
2025/05/01 17:11:48 [error] 3659015#3659015: *2289 access forbidden by rule, client: 154.83.103.108, server: naver-kium.com, request: "GET /.git/index HTTP/1.1", host: "naver-kium.com"
2025/05/01 17:11:48 [error] 3659015#3659015: *2289 access forbidden by rule, client: 154.83.103.108, server: naver-kium.com, request: "GET /.git/logs/HEAD HTTP/1.1", host: "naver-kium.com"
2025/05/01 17:11:48 [error] 3659015#3659015: *2289 access forbidden by rule, client: 154.83.103.108, server: naver-kium.com, request: "GET /.gitignore HTTP/1.1", host: "naver-kium.com"
2025/05/01 17:11:49 [error] 3659015#3659015: *2289 FastCGI sent in stderr: "Primary script unknown" while reading response header from upstream, client: 154.83.103.108, server: naver-kium.com, request: "GET /administrator/index.php HTTP/1.1", upstream: "fastcgi://unix:/run/php/php8.3-fpm.sock:", host: "naver-kium.com"
2025/05/01 17:11:50 [error] 3659015#3659015: *2289 FastCGI sent in stderr: "Primary script unknown" while reading response header from upstream, client: 154.83.103.108, server: naver-kium.com, request: "GET /sites/default/settings.php HTTP/1.1", upstream: "fastcgi://unix:/run/php/php8.3-fpm.sock:", host: "naver-kium.com"
2025/05/01 17:11:51 [error] 3659015#3659015: *2289 FastCGI sent in stderr: "Primary script unknown" while reading response header from upstream, client: 154.83.103.108, server: naver-kium.com, request: "GET /bitrix/php_interface/dbconn.php HTTP/1.1", upstream: "fastcgi://unix:/run/php/php8.3-fpm.sock:", host: "naver-kium.com"
2025/05/01 17:11:51 [error] 3659015#3659015: *2289 FastCGI sent in stderr: "Primary script unknown" while reading response header from upstream, client: 154.83.103.108, server: naver-kium.com, request: "GET /typo3conf/localconf.php HTTP/1.1", upstream: "fastcgi://unix:/run/php/php8.3-fpm.sock:", host: "naver-kium.com"
2025/05/01 17:11:51 [error] 3659015#3659015: *2289 FastCGI sent in stderr: "Primary script unknown" while reading response header from upstream, client: 154.83.103.108, server: naver-kium.com, request: "GET /config.inc.php HTTP/1.1", upstream: "fastcgi://unix:/run/php/php8.3-fpm.sock:", host: "naver-kium.com"
2025/05/01 17:11:52 [error] 3659015#3659015: *2289 FastCGI sent in stderr: "Primary script unknown" while reading response header from upstream, client: 154.83.103.108, server: naver-kium.com, request: "GET /config.old.php HTTP/1.1", upstream: "fastcgi://unix:/run/php/php8.3-fpm.sock:", host: "naver-kium.com"
2025/05/01 17:11:52 [error] 3659015#3659015: *1952 FastCGI sent in stderr: "PHP message: PHP Warning: Undefined array key "only_bp_friend" in /home5/somun/wp-content/plugins/chatroom/ajax/class-chatroom-ajax.php on line 22" while reading response header from upstream, client: 59.12.168.121, server: somun.or.kr, request: "POST /wp-admin/admin-ajax.php HTTP/2.0", upstream: "fastcgi://unix:/run/php/php8.3-fpm.sock:", host: "www.somun.or.kr", referrer: "https://www.somun.or.kr/"
2025/05/01 17:11:53 [error] 3659015#3659015: *2289 FastCGI sent in stderr: "Primary script unknown" while reading response header from upstream, client: 154.83.103.108, server: naver-kium.com, request: "GET /cgi-bin/phpinfo.php HTTP/1.1", upstream: "fastcgi://unix:/run/php/php8.3-fpm.sock:", host: "naver-kium.com"
2025/05/01 17:11:53 [error] 3659015#3659015: *2289 FastCGI sent in stderr: "Primary script unknown" while reading response header from upstream, client: 154.83.103.108, server: naver-kium.com, request: "GET /debug.php HTTP/1.1", upstream: "fastcgi://unix:/run/php/php8.3-fpm.sock:", host: "naver-kium.com"
2025/05/01 17:11:54 [error] 3659015#3659015: *2289 FastCGI sent in stderr: "Primary script unknown" while reading response header from upstream, client: 154.83.103.108, server: naver-kium.com, request: "GET /phpinfo1.php HTTP/1.1", upstream: "fastcgi://unix:/run/php/php8.3-fpm.sock:", host: "naver-kium.com"
2025/05/01 17:11:55 [error] 3659015#3659015: *2289 FastCGI sent in stderr: "Primary script unknown" while reading response header from upstream, client: 154.83.103.108, server: naver-kium.com, request: "GET /phpinfo2.php HTTP/1.1", upstream: "fastcgi://unix:/run/php/php8.3-fpm.sock:", host: "naver-kium.com"
2025/05/01 17:11:58 [error] 3659015#3659015: *1952 FastCGI sent in stderr: "PHP message: PHP Warning: Undefined array key "only_bp_friend" in /home5/somun/wp-content/plugins/chatroom/ajax/class-chatroom-ajax.php on line 22" while reading response header from upstream, client: 59.12.168.121, server: somun.or.kr, request: "POST /wp-admin/admin-ajax.php HTTP/2.0", upstream: "fastcgi://unix:/run/php/php8.3-fpm.sock:", host: "www.somun.or.kr", referrer: "https://www.somun.or.kr/"
2025/05/01 17:12:00 [error] 3659015#3659015: *2289 access forbidden by rule, client: 154.83.103.108, server: naver-kium.com, request: "GET /public/.env HTTP/1.1", host: "naver-kium.com"
2025/05/01 17:12:02 [error] 3659015#3659015: *2289 access forbidden by rule, client: 154.83.103.108, server: naver-kium.com, request: "GET /api/v1/.env HTTP/1.1", host: "naver-kium.com"
2025/05/01 17:12:03 [error] 3659015#3659015: *2289 FastCGI sent in stderr: "Primary script unknown" while reading response header from upstream, client: 154.83.103.108, server: naver-kium.com, request: "GET /phpmyadmin/index.php HTTP/1.1", upstream: "fastcgi://unix:/run/php/php8.3-fpm.sock:", host: "naver-kium.com"
2025/05/01 17:12:03 [error] 3659015#3659015: *2289 FastCGI sent in stderr: "Primary script unknown" while reading response header from upstream, client: 154.83.103.108, server: naver-kium.com, request: "GET /backup/config.php HTTP/1.1", upstream: "fastcgi://unix:/run/php/php8.3-fpm.sock:", host: "naver-kium.com"
2025/05/01 17:12:04 [error] 3659015#3659015: *2289 access forbidden by rule, client: 154.83.103.108, server: naver-kium.com, request: "GET /.env.example HTTP/1.1", host: "naver-kium.com"
2025/05/01 17:12:04 [error] 3659015#3659015: *2423 FastCGI sent in stderr: "PHP message: PHP Warning: Constant WP_MEMORY_LIMIT already defined in /home5/karlpsalmssoft/wp-config.php on line 93" while reading response header from upstream, client: 82.223.68.186, server: karlpsalmssoft.com, request: "POST /xmlrpc.php HTTP/1.1", upstream: "fastcgi://unix:/run/php/php8.3-fpm.sock:", host: "www.karlpsalmssoft.com"
2025/05/01 17:12:04 [error] 3659015#3659015: *1952 FastCGI sent in stderr: "PHP message: PHP Warning: Undefined array key "only_bp_friend" in /home5/somun/wp-content/plugins/chatroom/ajax/class-chatroom-ajax.php on line 22" while reading response header from upstream, client: 59.12.168.121, server: somun.or.kr, request: "POST /wp-admin/admin-ajax.php HTTP/2.0", upstream: "fastcgi://unix:/run/php/php8.3-fpm.sock:", host: "www.somun.or.kr", referrer: "https://www.somun.or.kr/"
2025/05/01 17:12:08 [error] 3659015#3659015: *2289 access forbidden by rule, client: 154.83.103.108, server: naver-kium.com, request: "GET /.env.local HTTP/1.1", host: "naver-kium.com"
2025/05/01 17:12:09 [error] 3659015#3659015: *2289 access forbidden by rule, client: 154.83.103.108, server: naver-kium.com, request: "GET /.env.dev HTTP/1.1", host: "naver-kium.com"
2025/05/01 17:12:09 [error] 3659015#3659015: *2289 access forbidden by rule, client: 154.83.103.108, server: naver-kium.com, request: "GET /.env.test HTTP/1.1", host: "naver-kium.com"
2025/05/01 17:12:10 [error] 3659015#3659015: *1952 FastCGI sent in stderr: "PHP message: PHP Warning: Undefined array key "only_bp_friend" in /home5/somun/wp-content/plugins/chatroom/ajax/class-chatroom-ajax.php on line 22" while reading response header from upstream, client: 59.12.168.121, server: somun.or.kr, request: "POST /wp-admin/admin-ajax.php HTTP/2.0", upstream: "fastcgi://unix:/run/php/php8.3-fpm.sock:", host: "www.somun.or.kr", referrer: "https://www.somun.or.kr/"
2025/05/01 17:12:12 [error] 3659015#3659015: *2458 FastCGI sent in stderr: "PHP message: PHP Warning: Constant WP_MEMORY_LIMIT already defined in /home5/karlpsalmssoft/wp-config.php on line 93" while reading response header from upstream, client: 89.200.168.45, server: karlpsalmssoft.com, request: "POST /xmlrpc.php HTTP/1.1", upstream: "fastcgi://unix:/run/php/php8.3-fpm.sock:", host: "www.karlpsalmssoft.com"
2025/05/01 17:12:12 [error] 3659015#3659015: *2289 FastCGI sent in stderr: "Primary script unknown" while reading response header from upstream, client: 154.83.103.108, server: naver-kium.com, request: "GET /web/config.php HTTP/1.1", upstream: "fastcgi://unix:/run/php/php8.3-fpm.sock:", host: "naver-kium.com"
2025/05/01 17:12:14 [error] 3659015#3659015: *2289 access forbidden by rule, client: 154.83.103.108, server: naver-kium.com, request: "GET /.htaccess HTTP/1.1", host: "naver-kium.com"
2025/05/01 17:12:16 [error] 3659015#3659015: *2289 FastCGI sent in stderr: "Primary script unknown" while reading response header from upstream, client: 154.83.103.108, server: naver-kium.com, request: "GET /core/install.php HTTP/1.1", upstream: "fastcgi://unix:/run/php/php8.3-fpm.sock:", host: "naver-kium.com"
2025/05/01 17:12:16 [error] 3659015#3659015: *1952 FastCGI sent in stderr: "PHP message: PHP Warning: Undefined array key "only_bp_friend" in /home5/somun/wp-content/plugins/chatroom/ajax/class-chatroom-ajax.php on line 22" while reading response header from upstream, client: 59.12.168.121, server: somun.or.kr, request: "POST /wp-admin/admin-ajax.php HTTP/2.0", upstream: "fastcgi://unix:/run/php/php8.3-fpm.sock:", host: "www.somun.or.kr", referrer: "https://www.somun.or.kr/"
2025/05/01 17:12:17 [error] 3659015#3659015: *2480 FastCGI sent in stderr: "Primary script unknown" while reading response header from upstream, client: 66.249.79.129, server: toyoupaper.co.kr, request: "GET /e=6262314569&channel=175435649&from=pin.php?e=5707783059&channel=15435db93&from=form.php%3Fid%3D83059-136%26name%3DPSA10+%E9%81%8A%E6%88%AF%E7%8E%8B%E3%80%80%E6%B0%B7%E7%B5%90%E7%95%8C%E3%81%AE%E9%BE%8D%E3%83%96%E3%83%AA%E3%83%A5%E3%83%BC%E3%83%8A%E3%82%AF%E3%80%80%E3%82%A6%E3%83%AB%E3%83%88%E3%83%A9%E3%83%AC%E3%82%A2%E3%80%80%E3%82%B7%E3%83%B3%E3%82%AF%E3%83%AD HTTP/1.1", upstream: "fastcgi://unix:/run/php/php8.3-fpm.sock:", host: "toyoupaper.co.kr"
2025/05/01 17:12:18 [error] 3659015#3659015: *2289 FastCGI sent in stderr: "Primary script unknown" while reading response header from upstream, client: 154.83.103.108, server: naver-kium.com, request: "GET /app/etc/env.php HTTP/1.1", upstream: "fastcgi://unix:/run/php/php8.3-fpm.sock:", host: "naver-kium.com"
2025/05/01 17:12:20 [error] 3659015#3659015: *2289 access forbidden by rule, client: 154.83.103.108, server: naver-kium.com, request: "GET /.wp-config.php.swp HTTP/1.1", host: "naver-kium.com"
2025/05/01 17:12:22 [error] 3659015#3659015: *1952 FastCGI sent in stderr: "PHP message: PHP Warning: Undefined array key "only_bp_friend" in /home5/somun/wp-content/plugins/chatroom/ajax/class-chatroom-ajax.php on line 22" while reading response header from upstream, client: 59.12.168.121, server: somun.or.kr, request: "POST /wp-admin/admin-ajax.php HTTP/2.0", upstream: "fastcgi://unix:/run/php/php8.3-fpm.sock:", host: "www.somun.or.kr", referrer: "https://www.somun.or.kr/"
2025/05/01 17:12:24 [error] 3659015#3659015: *2509 FastCGI sent in stderr: "Primary script unknown" while reading response header from upstream, client: 57.141.2.23, server: dev2.picell.biz, request: "GET /egame/wp-json/oembed/1.0/embed?url=https%3A%2F%2Fdev2.picell.biz%2Fegame%2F HTTP/2.0", upstream: "fastcgi://unix:/run/php/php8.3-fpm.sock:", host: "dev2.picell.biz"
2025/05/01 17:12:24 [error] 3659015#3659015: *2289 FastCGI sent in stderr: "Primary script unknown" while reading response header from upstream, client: 154.83.103.108, server: naver-kium.com, request: "GET /logs/error.php HTTP/1.1", upstream: "fastcgi://unix:/run/php/php8.3-fpm.sock:", host: "naver-kium.com"
2025/05/01 17:12:27 [error] 3659015#3659015: *2517 access forbidden by rule, client: 154.83.103.108, server: naver-kium.com, request: "GET /.npmrc HTTP/1.1", host: "naver-kium.com"
2025/05/01 17:12:27 [error] 3659015#3659015: *2517 open() "/home2/demo_picell/kiumdetective/server.js" failed (2: No such file or directory), client: 154.83.103.108, server: naver-kium.com, request: "GET /server.js HTTP/1.1", host: "naver-kium.com"
2025/05/01 17:12:27 [error] 3659015#3659015: *2517 open() "/home2/demo_picell/kiumdetective/app.js" failed (2: No such file or directory), client: 154.83.103.108, server: naver-kium.com, request: "GET /app.js HTTP/1.1", host: "naver-kium.com"
2025/05/01 17:12:28 [error] 3659015#3659015: *2517 open() "/home2/demo_picell/kiumdetective/config.js" failed (2: No such file or directory), client: 154.83.103.108, server: naver-kium.com, request: "GET /config.js HTTP/1.1", host: "naver-kium.com"
2025/05/01 17:12:28 [error] 3659015#3659015: *2517 access forbidden by rule, client: 154.83.103.108, server: naver-kium.com, request: "GET /.dockerignore HTTP/1.1", host: "naver-kium.com"
2025/05/01 17:12:28 [error] 3659015#3659015: *1952 FastCGI sent in stderr: "PHP message: PHP Warning: Undefined array key "only_bp_friend" in /home5/somun/wp-content/plugins/chatroom/ajax/class-chatroom-ajax.php on line 22" while reading response header from upstream, client: 59.12.168.121, server: somun.or.kr, request: "POST /wp-admin/admin-ajax.php HTTP/2.0", upstream: "fastcgi://unix:/run/php/php8.3-fpm.sock:", host: "www.somun.or.kr", referrer: "https://www.somun.or.kr/"
2025/05/01 17:12:29 [error] 3659015#3659015: *2517 access forbidden by rule, client: 154.83.103.108, server: naver-kium.com, request: "GET /.git/logs/ HTTP/1.1", host: "naver-kium.com"
2025/05/01 17:12:30 [error] 3659015#3659015: *2517 access forbidden by rule, client: 154.83.103.108, server: naver-kium.com, request: "GET /.git/refs/ HTTP/1.1", host: "naver-kium.com"
2025/05/01 17:12:30 [error] 3659015#3659015: *2517 access forbidden by rule, client: 154.83.103.108, server: naver-kium.com, request: "GET /.git/objects/ HTTP/1.1", host: "naver-kium.com"
2025/05/01 17:12:30 [error] 3659015#3659015: *2517 access forbidden by rule, client: 154.83.103.108, server: naver-kium.com, request: "GET /.git/packed-refs HTTP/1.1", host: "naver-kium.com"
2025/05/01 17:12:30 [error] 3659015#3659015: *2517 access forbidden by rule, client: 154.83.103.108, server: naver-kium.com, request: "GET /.git/branches/ HTTP/1.1", host: "naver-kium.com"
2025/05/01 17:12:33 [error] 3659015#3659015: *2521 FastCGI sent in stderr: "PHP message: PHP Warning: Array to string conversion in /home/stechs/wp-content/plugins/iks-menu-pro/includes/core/utils/RenderUtils.php on line 72" while reading response header from upstream, client: 188.165.232.135, server: stechs.co.kr, request: "GET /%EB%A1%9C%EB%8D%B0%EC%8A%88%EB%B0%94%EB%A5%B4%EC%A6%88%EC%9D%98-%EC%8B%A0%EC%A0%9C%ED%92%88-%ED%8C%8C%EC%9B%8C%EC%84%BC%EC%84%9C%EB%A5%BC-%EC%86%8C%EA%B0%9C%ED%95%A9%EB%8B%88%EB%8B%A4/ HTTP/1.1", upstream: "fastcgi://unix:/run/php/php8.3-fpm.sock:", host: "www.stechs.co.kr"
2025/05/01 17:12:34 [error] 3659015#3659015: *2541 FastCGI sent in stderr: "PHP message: PHP Warning: Undefined variable $sidebar_class in /home/stechs/wp-content/themes/modernize/404.php on line 17" while reading response header from upstream, client: 149.202.86.190, server: stechs.co.kr, request: "GET /product/h6/feed/ HTTP/1.1", upstream: "fastcgi://unix:/run/php/php8.3-fpm.sock:", host: "www.stechs.co.kr"
2025/05/01 17:12:34 [error] 3659015#3659015: *1952 FastCGI sent in stderr: "PHP message: PHP Warning: Undefined array key "only_bp_friend" in /home5/somun/wp-content/plugins/chatroom/ajax/class-chatroom-ajax.php on line 22" while reading response header from upstream, client: 59.12.168.121, server: somun.or.kr, request: "POST /wp-admin/admin-ajax.php HTTP/2.0", upstream: "fastcgi://unix:/run/php/php8.3-fpm.sock:", host: "www.somun.or.kr", referrer: "https://www.somun.or.kr/"
